026/39. Let o be (w/(-14))/1*(-84)/(-9). Is 183792/o + 3/(-5) composite?
False
Let b = 86 + 39. Let a = -146 + b. Is a/(-35) + 31206/15 prime?
True
Suppose -3*u + j + 955 = -1276, -1479 = -2*u - j. Suppose 2459 + u = 3*h. Is h prime?
False
Let z(m) = -3*m - 25. Let k be z(-10). Suppose -1309 = -k*a - 2*w, 2*a + 1043 = 6*a + 3*w. Is a prime?
True
Suppose 23*o - 20 = 26. Suppose -o*r - 485 = -5*u - 3382, 5*r = u + 7208. Is r a prime number?
False
Let c = 171 - 164. Is ((-20795)/2)/5*(-17 + c) composite?
True
Let s be (7 - (-105)/14)*550. Let d = -1302 + s. Is d composite?
False
Suppose s = -5*o, 3*s + 38 = 6*s - 4*o. Is (-4)/s - 42534/(-10) a composite number?
False
Let p(k) = -1678*k + 1817. Is p(-54) composite?
True
Is (-1)/3 - 21313490/(-213) composite?
True
Let z(o) be the second derivative of 1391/2*o**2 - 1/12*o**4 - 1/3*o**3 + 27*o + 0. Is z(0) composite?
True
Is ((-5622)/8)/(699/(-465068)) composite?
True
Suppose 4*o - 4 = -2*f, 5*f + 6 = o + 3*f. Suppose x + o*k = 2*x + 176, 3*k - 709 = 4*x. Let s = x + 471. Is s a prime number?
True
Let h be (-3)/(-7) - 24/56 - -9. Suppose -h = -3*g, -2*i = 2*i + 4*g - 44. Suppose -10*t + 14470 = -i*t. Is t a composite number?
True
Let f = -19400 + 61071. Is f a prime number?
False
Let x be ((-9)/6)/((-28)/16 + 1). Suppose 5*q - 3*g = 32, -4*g = x*q - g - 17. Suppose -1556 = 3*w - q*w. Is w a composite number?
False
Let n = 301707 + -213496. Is n a composite number?
False
Suppose -591 = 15*v - 14*v. Let t = 893 + v. Let i = 1825 - t. Is i composite?
False
Is (47 - -284142) + 4*3 a prime number?
True
Let d be (4 + -4 + -1)/(1/(-3)). Suppose 5*g + 2156 = -3*y - 0*y, 4*y = d*g + 1282. Let z = -179 - g. Is z a composite number?
False
Is 1 + 815883/3 - (94 + -99) a prime number?
True
Let u(w) = 933*w**2 + 136*w - 1289. Is u(10) composite?
False
Let u(k) be the second derivative of -k**3/2 - 3*k**2/2 + 18*k. Let h be u(-2). Suppose -2*q = h*s - 0*s - 1187, s + 5*q - 400 = 0. Is s a prime number?
False
Let x(k) = -30*k - 65*k + 4 - 12*k. Let q be x(-3). Suppose c + 3*a - q = 1196, -5*a = -2*c + 2998. Is c prime?
False
Let n = -115 - -127. Suppose -n*m + 300 = -14*m. Let t = m + 409. Is t prime?
False
Suppose 5*w - 70 = 5*h + 25, 4*h + 62 = 3*w. Suppose 11 = 3*t - 2*p, w - 1 = 3*t - 4*p. Is t a prime number?
True
Is (16/((-288)/1888641) - -14)/(1/(-2)) a prime number?
True
Suppose 5*n + i - 10 = -2, -2*i = n - 7. Let l be -13 + 24545 + 3/n. Suppose l = 3*r + 2*r. Is r a prime number?
False
Let f = -21529 + 4856. Is f/(-6) + (-22)/(-132) a composite number?
True
Suppose 3*j - 683029 = 5*u, 62*u - 63*u + 683053 = 3*j. Is j a composite number?
True
Let k(y) = 12*y**2 - 13*y + 17. Suppose -7*v + 9*v = -4*w - 450, -5*w + 2*v = 585. Let c be w/23*4/(-5). Is k(c) a composite number?
False
Let v(i) = 250*i**3 + i**2 - 5*i - 1. Let x be (-5)/(-1) - (-2 + 4). Is v(x) composite?
True
Suppose -5*h + z + 333864 + 195490 = 0, 3*z = 5*h - 529352. Is h a prime number?
True
Let t be (-20)/(-11) - (-2)/(-33)*-3. Suppose t*w + b - 1 = 0, -3 = -3*w - 3*b + 2*b. Is (w/(-13))/(-1) + (-13055)/(-65) prime?
False
Let k(m) = -10*m**3 - 6*m**2 - 4*m + 4. Let h be k(-5). Let n be (15 - 8)*(-10)/(-35). Suppose -n*i + h = i - g, -2*i - g + 741 = 0. Is i a composite number?
False
Let a(h) = 33660*h**3 + h**2 - 4*h + 2. Suppose 17 - 26 = -9*y. Is a(y) a composite number?
True
Let b(y) = 17*y**2 + 1 - 32*y**2 + 16*y**2 - 14*y + 4. Let i be b(14). Suppose -5*r - i*c - 8638 = -25433, -2*r - 3*c = -6718. Is r composite?
False
Let w(c) = 15*c**3 - 2*c**2 + 1. Let v be w(1). Suppose 0*i + 2*i - v = -2*f, i = 5*f - 17. Suppose -4*n - 4*a = -24772, -n + 4*a = i*n - 24772. Is n composite?
True
Let f(z) = -z**2 + 18*z + 19. Suppose 6 = b + 1. Suppose -32 = -b*g + 3*g. Is f(g) prime?
False
Let r = -13 + 17. Suppose -25 = -2*w + 5*s - 5, 5*w - r*s - 16 = 0. Suppose w = -3*v - 12, v - 125 = -g - 2. Is g prime?
True
Suppose -11*q = 48*q - 9345187. Is q a composite number?
False
Suppose -37*l = 3*m - 36*l - 132334, 5*l - 44088 = -m. Is m prime?
False
Suppose -119*u + 1875866 + 28830061 = 0. Is u a prime number?
False
Let d(l) = l - 5. Let o be d(6). Let u be (3972/2)/(o - 0). Is ((-12)/(-24))/(1/u) a prime number?
False
Let l be (224/504)/((-2)/(-18)). Is ((-572)/6)/(-13)*8922/l a composite number?
True
Is (-15 - 8404)*(-3)/3 a composite number?
False
Let u = -223230 - -374483. Is u a prime number?
True
Is 1/(6/(-9)*(-33)/2940718) a prime number?
True
Let j(p) = -15 + 142*p**2 + 160*p**2 + 26*p + 172*p**2. Is j(-5) a prime number?
False
Let f = -59 - -99. Let o = -40 + f. Suppose -3*m - 5*u + 2953 + 2106 = o, 3*u = m - 1705. Is m a prime number?
True
Let w be -1 - (10/(-1) - 2). Let l(n) = 48*n - 27. Let o(r) = 24*r - 13. Let m(i) = w*o(i) - 6*l(i). Is m(-6) composite?
False
Suppose 0 = l + 7*q - 11*q - 668, 5*l - 3*q - 3357 = 0. Let t(k) = 414*k**2 - 2*k - 2. Let f be t(3). Suppose l = 5*w - f. Is w a prime number?
False
Let c(s) = 2*s**3 + 8*s**2 - 11*s - 3. Let t be c(-5). Suppose t*n - 5086 = -0*h - 4*h, -12726 = -5*n + h. Is n composite?
True
Suppose -4*m - 3*t = -6921 - 19460, 2*t + 10 = 0. Suppose -m = 110*g - 111*g. Is g a prime number?
True
Let n = -603293 + 1459240. Is n a prime number?
True
Suppose 0 = -177*t + 173*t + 16. Suppose -z = t*c - 1519, 3*z + 13*c - 15*c = 4571. Is z composite?
False
Let n(i) be the first derivative of 161*i**6/360 - 7*i**5/120 + 11*i**4/24 + i**3 + 12. Let m(t) be the third derivative of n(t). Is m(4) prime?
False
Let d = 459023 + 114348. Is d a composite number?
False
Let d = -7 + -3. Let u be (-1)/2*2 + (-60)/d. Suppose 8*x = 9*x + h - 404, 1589 = 4*x - u*h. Is x a composite number?
False
Suppose 50*s + 5 = 5. Suppose 6 = -2*v - s*v, 4*v + 3950 = 2*a. Is a a prime number?
False
Let f be (-3034)/(-10) - (-6)/(-60)*4. Let x(k) = -k - 5. Let n be x(-5). Suppose 3*u - 918 = q + 2*q, -u + 4*q + f = n. Is u a prime number?
True
Let i = 6 - 6. Suppose 3*u - 11*u + 6176 = i. Let x = -465 + u. Is x a composite number?
False
Let w be (2*-1)/(39/(-273)). Suppose 23250 = w*y - 12884. Is y prime?
False
Let u = -330 - -152. Let x = 319 + u. Let m = 361 + x. Is m a prime number?
False
Let s(k) be the third derivative of -3773*k**4/24 + 9*k**3 - 3*k**2 - k. Is s(-5) a prime number?
True
Is 198/(-132) - 313874/(-4) composite?
False
Is (-14)/(-12)*345/(-805)*122212/(-2) composite?
False
Let a = -5000338 + 7550339. Is a prime?
True
Suppose 3*g = -114 + 201. Suppose g*s = -1382 + 28149. Is s a composite number?
True
Let c(m) = 46*m**2 + 3*m - 4. Let z be c(1). Suppose 57*v = z*v + 85452. Is v a composite number?
False
Suppose 3*c - 1 = -k, k = 4*k - 4*c - 3. Let s be k/(-6) + 19/6. Suppose 5*v + 1016 = 4*n, -s*n - v = -3*v - 769. Is n a composite number?
True
Suppose 0 = -3*x + x - 10, -5*q - 80 = 3*x. Let s = 16 + q. Suppose 4*u - 1337 = s*u. Is u prime?
False
Let k = 318 + -76. Let x(d) = 126*d + k*d + 12*d + 7. Is x(4) prime?
False
Let j(n) = -n**2 - 4. Let r be j(-2). Let h be (1 - 1) + (-32)/r. Suppose -2*f + 0*f = -2*l + 1464, 1494 = 2*l + h*f. Is l prime?
False
Let l(r) = -3*r**3 - r**2 + 5*r + 90609. Is l(0) composite?
True
Let h(b) = -32*b - 89. Let x(a) = a**3 - 10*a**2 + 13*a. Let p be x(8). Is h(p) a composite number?
True
Suppose 5*f - 4 = 4*j - 6, 3*f = -3*j + 15. Suppose 4*a - g = 4249, -2*a + 2117 = -g + f*g. Is a a composite number?
False
Suppose 0 = 35*w - 40*w + 2*v + 401885, -2*v = 4*w - 321508. Is w composite?
True
Let d(j) = j**3 + j**2 + 2. Let l be d(0). Suppose -2*z + z - l*c = -3397, 4*c + 20 = 0. Is z prime?
True
Is (1 - 14 - -14)*8191 prime?
True
Let z = -109 + 108. Let r be 249284/21 - z/3. Is (2/3)/(6/r) a composite number?
False
Suppose -136*n = -129*n. Suppose -3*u - 5*b + 1137 = n, -u + 3*b = -359 - 20. Is u a prime number?
True
Let f(u) = -u**2 + 20*u - 36. Let x be f(21). Let g = 272 + x. Is g a composite number?
True
Let l(t) = -3096*t - 2263. Is l(-5) a composite number?
False
Let v = -127 + 105. Is (72/(-66))/6 + (-234590)/v prime?
True
Let t be 3/(-4)*(-1 - 5/(-1)). Let a be (t/2)/(4/(96/(-9))). Suppose 0 = -5*y + 25, 5*y = a*i + 3*y - 4338. Is i prime?
True
Let z = -36 + 83. Let y(t) = -47*t - 31*t + z - 22 - 26. Is y(-1) composite?
True
Suppose -o - 4*a + 25 = 0, -o - 20 + 10 = -3*a. Suppo